 d(q) = 14*q**2. Let l be d(1). Let j be (8/l)/((-8)/(-28)). Suppose 92 = 2*x + j*x. Calculate the remainder when x is divided by 12.
11
Let m = -85 - -147. What is the remainder when m is divided by 13?
10
Let k = 46 + -30. Suppose 3*o - 3*s = o + 90, 0 = 3*o + 5*s - 135. What is the remainder when (1 - 1) + o - -1 is divided by k?
14
Let t be -2 + 1 - -5 - 3. Let q(x) = -3*x - 6. What is the remainder when 10/t*(-1)/(-1) is divided by q(-4)?
4
Let l(t) = -3*t**2 - 11*t - 13. Let c(x) = x**2 - 1. Let p(w) = -2*c(w) - l(w). Calculate the remainder when p(-11) is divided by 8.
7
Let b be (-6)/(-24) - (-14)/8. Suppose s + h - 15 = 0, -3*h - b = -5*s + 57. Calculate the remainder when 24 is divided by s.
11
Suppose -5*j = 25, d + 0*j = -j - 11. Let u(c) = c**2 + 2*c - 8. Calculate the remainder when u(d) is divided by 6.
4
Suppose -2*t = -4*p + t + 11, -4*p + 4*t = -16. Let h be (-9)/(-12)*(p + 89). Let f = h - 41. What is the remainder when f is divided by 9?
7
Let v = 0 - 2. Let d = 55 - 32. Calculate the remainder when d is divided by 4/v - 10/(-1).
7
Suppose 0 = 2*s - 3*s + 7. Suppose -3*t + 9 + 0 = -2*u, -3*t = -u - 12. What is the remainder when s is divided by u?
1
Let v(f) = 2*f + 2. Let y be v(-2). Calculate the remainder when 45 is divided by y/7 + (-163)/(-7).
22
Suppose -31 = 5*g - 6. Let i be 0 + 1 - g*7. Suppose 0 = -4*o - 4*l + 44, 3*o + 3 = 2*l + i. What is the remainder when o is divided by 6?
5
Let o = -30 - -217. What is the remainder when o is divided by 21?
19
Let i = -6 - -6. Suppose 5*j - 195 - 190 = i. What is the remainder when j is divided by 20?
17
Suppose -2*c + 9 = 5*w, -4*w + 3*c + 18 = c. Let l be w/(3*-1) + -4. What is the remainder when ((-2)/6)/(l/285) is divided by 10?
9
What is the remainder when 1/(-2)*208/(-4) is divided by 10?
6
Suppose 2*o = 4*o - 50. What is the remainder when 47 is divided by o?
22
Let f = -104 + 152. What is the remainder when f is divided by 25?
23
Suppose -32 = y - 5*a, -28 = y - a - 4. Suppose 2*m + 8 = -16. Let g = m - y. Calculate the remainder when 39 is divided by g.
9
Let n(t) be the third derivative of t**5/30 + t**4/6 + 5*t**3/6 + t**2. Let b be n(-4). Let m = -8 + b. Calculate the remainder when 25 is divided by m.
12
Let k(u) = 3*u + 3. Let l(y) = -3*y - 2. Let i(v) = 3*k(v) + 4*l(v). Calculate the remainder when 27 is divided by i(-2).
6
Suppose 5*a + 3*u - 66 - 105 = 0, -u = 3*a - 105. What is the remainder when a is divided by (0 - -1)*52/4?
10
Let t = -1 - -24. What is the remainder when t is divided by 7?
2
Suppose -2*n + 6*m = 3*m - 53, n + 5*m - 33 = 0. What is the remainder when n is divided by 5?
3
Let q(u) = u**2 + 4. Suppose 20 = 7*o - 2*o. Let c be (-85)/(-25) + o/(-10). What is the remainder when 38 is divided by q(c)?
12
Suppose 2 = 5*t - 2*l, -5*l + 25 + 5 = 5*t. What is the remainder when ((-32)/(-8))/(t/18) is divided by 13?
10
Let g = 9 - 5. Suppose -5*r = 10, -g*r + 90 - 26 = 4*d. Suppose 0 = -3*y + 4*o + d, 2*y - y - 14 = 4*o. Calculate the remainder when y is divided by 1.
0
Let q(p) = p**3 - 2*p**2 + 4*p - 2. Suppose -2*y + g + 23 = -y, -57 = -3*y - g. Suppose -y = -2*n - 0. Calculate the remainder when q(3) is divided by n.
9
Suppose 0 = -2*r - 3*t + 2*t + 52, 5*t - 44 = -2*r. Suppose 0 = -g + 3 - 5, 0 = -k - 3*g - 3. What is the remainder when (0 - k/(-3)) + r is divided by 10?
8
Let i(d) = -16 + d + 9 + d. What is the remainder when 14 is divided by i(8)?
5
Suppose 2 = -h - 0. Let q be (0 + h)*3/(-2). Calculate the remainder when 6*(-1 - (-2 - q)) is divided by 13.
11
Let n be 11/33*(81 - 0). Suppose -s - 2*s = -n. Let r = s - -9. Calculate the remainder when r is divided by 10.
8
Let u(t) = t**2 + 5*t + 6. Suppose -8*c + 14 = -6*c. Calculate the remainder when u(-6) is divided by c.
5
Let u = -39 + 58. Calculate the remainder when 41 is divided by u.
3
Suppose 2*k = 15*k - 260. What is the remainder when (-1 + 3)/((-2)/(-37)) is divided by k?
17
Suppose -5*g + d + 27 + 4 = 0, 8 = 2*d. Let a(m) = -2*m + 3 + 0*m + 4*m. What is the remainder when a(g) is divided by 9?
8
Let k(b) = b**3 - 9*b**2 + 5. Let x = 1 + 2. Suppose 4*m = -x*n + 11 - 0, m + 40 = 4*n. What is the remainder when k(n) is divided by 3?
2
Suppose -36 = 3*i - 102. Calculate the remainder when i is divided by 12.
10
Suppose 3*b + b = 0. Suppose p - 5 = -b. Calculate the remainder when 18 is divided by p.
3
Let j(f) = -5 - 3*f + 1 + 5. Calculate the remainder when j(-11) is divided by 12.
10
Let d(h) be the second derivative of -h**5/20 + h**4/3 + 7*h**3/6 + h**2/2 - h. Suppose -3*o = 7 - 25. Calculate the remainder when d(5) is divided by o.
5
Let b = -2 - -6. Let c(f) = f**3 - 3*f**2. What is the remainder when c(b) is divided by 9?
7
Suppose -3*o - 70 = -5*u - 4*o, 14 = u + 3*o. Let g = -122 - -162. Calculate the remainder when g is divided by u.
12
Suppose 120*o - 125*o = -565. What is the remainder when o is divided by 29?
26
Suppose 0 + 15 = -5*a, 0 = -5*o - a + 857. What is the remainder when 1*o*2/8 is divided by 23?
20
Suppose 5*d + 12 = 37. Suppose 0 = -0*s + 2*s - 24. Calculate the remainder when s is divided by d.
2
Let o be (40/16)/((-1)/(-2)). Suppose 0*z - z + o = 0. What is the remainder when z is divided by 3?
2
Suppose 5*c - 5 = 0, -2*z + 2*c - 20 = 6*c. Let o = z + 18. Suppose -75 = -8*s + 5. What is the remainder when s is divided by o?
4
Suppose 0 = o + 4, -6*k + 12 = -2*k + 4*o. Let s(b) = -b + 11. Let z be s(k). Suppose -z*u + 33 = -u. What is the remainder when 21 is divided by u?
10
Let w(z) = -z**2 + 2*z + 99. What is the remainder when w(0) is divided by 21?
15
Suppose 4*u - 5*n = -2*n, 0 = -4*u + 5*n - 8. Suppose -u*t - 3*a + 2*a = -62, -4*a = -8. Calculate the remainder when 39 is divided by t.
19
Let f(a) be the third derivative of -a**5/60 + 5*a**4/12 - 11*a**3/6 - 2*a**2. Calculate the remainder when f(7) is divided by 3.
1
Suppose -21 = -u + 7. Calculate the remainder when ((-218)/(-4))/((-1)/(-2)) is divided by u.
25
Let q = 4 - -1. Suppose 13 - 73 = -q*y. Calculate the remainder when 22 is divided by y.
10
Let i(t) = t - 2. Let x be i(2). Suppose -c - 13 + 47 = x. What is the remainder when c is divided by (-258)/(-21) + 6/(-21)?
10
Let a = 17 + -11. Let d = -61 + 72. What is the remainder when d is divided by a?
5
Suppose 5*o = -5*c + c + 45, 48 = 4*c + 4*o. Calculate the remainder when 27 is divided by c.
12
Let v(u) = 45*u. What is the remainder when v(1) is divided by 12?
9
Let f = 1 - -5. Suppose 4*z = -2*l + 58 - f, 0 = -3*l + 2*z + 102. Let m(t) = -t**3 - 3*t**2 - 5*t - 4. What is the remainder when l is divided by m(-3)?
10
Suppose -6*p + p + 380 = 0. Calculate the remainder when p is divided by 13.
11
Suppose 2*y + 27 = 7. Let j be (-4)/y - (-68)/5. Let t = j - 9. What is the remainder when 14 is divided by t?
4
Let k be 2 + (-1)/(-1) + 12. Suppose 0 = 4*a + 7 - k. Let v = 6 + -4. What is the remainder when v is divided by a?
0
Let c = -24 + 24. Let h(t) = t**2 + t + 114. Calculate the remainder when h(c) is divided by 29.
27
Let i(s) = s**2 - 9*s - 1. What is the remainder when 87 is divided by i(10)?
6
Let a be 1*(0 - -2 - 3). Calculate the remainder when a*(3 - 4)*21 is divided by 8.
5
Let z = 3 + 1. Suppose 0 = -z*b + 16, 4*b + 251 = 5*p + 3*b. Calculate the remainder when p is divided by 13.
12
Let w(c) = c**2 - 7*c. Let p be w(7). Suppose 2*b - 18 = -p*b. Calculate the remainder when b is divided by 6.
3
Suppose 0 = -5*r + 3 + 22. Suppose r*t + 1 = 6. What is the remainder when t is divided by 1?
0
Let k(z) = 2*z**2 - 2. Let d be k(-3). Let r = d + -7. Calculate the remainder when 17 is divided by r.
8
Suppose 24 - 58 = -s. Calculate the remainder when 66 is divided by s.
32
Suppose 0*y = -2*y + 58. Calculate the remainder when (-342)/3*2/(-4) is divided by y.
28
Suppose -3*s = -99 - 0. Let k = 3 - 1. Suppose -o = k*o - 51. Calculate the remainder when s is divided by o.
16
Suppose 0 = -2*k + 14. Suppose 0 = -2*s + 4*u + 54, -k*u + 180 = 5*s - 2*u. What is the remainder when 17 is divided by 2/4 + s/6?
5
Let o(f) be the third derivative of -7*f**4/24 - 4*f**2. Calculate the remainder when 19 is divided by o(-1).
5
Let m(q) = q + 13. Suppose -2*j = 3*j. What is the remainder when m(j) is divided by 5?
3
Let m(k) = -k**2 + 14*k - 1. Sup